CRAN Package Check Results for Package BNPdensity

Last updated on 2025-01-24 05:49:15 CET.

Flavor Version Tinstall Tcheck Ttotal Status Flags
r-devel-linux-x86_64-debian-clang 2023.3.8 11.75 142.26 154.01 NOTE
r-devel-linux-x86_64-debian-gcc 2023.3.8 7.35 97.72 105.07 NOTE
r-devel-linux-x86_64-fedora-clang 2023.3.8 258.25 NOTE
r-devel-linux-x86_64-fedora-gcc 2023.3.8 240.08 NOTE
r-devel-windows-x86_64 2023.3.8 15.00 205.00 220.00 NOTE
r-patched-linux-x86_64 2023.3.8 11.33 131.57 142.90 NOTE
r-release-linux-x86_64 2023.3.8 10.11 131.46 141.57 NOTE
r-release-macos-arm64 2023.3.8 72.00 NOTE
r-release-macos-x86_64 2023.3.8 160.00 NOTE
r-release-windows-x86_64 2023.3.8 14.00 207.00 221.00 NOTE
r-oldrel-macos-arm64 2023.3.8 68.00 OK
r-oldrel-macos-x86_64 2023.3.8 123.00 OK
r-oldrel-windows-x86_64 2023.3.8 16.00 246.00 262.00 OK

Check Details

Version: 2023.3.8
Check: Rd files
Result: NOTE checkRd: (-1) MvInv.Rd:23-35: Lost braces 23 | function(eps, u = 0.5, alpha = 1, kappa = 1, gama = 1 / 2, N = 3001) { | ^ checkRd: (-1) dt_.Rd:19-21: Lost braces 19 | function(x, df, mean, sd) { | ^ Flavors: r-devel-linux-x86_64-debian-clang, r-devel-linux-x86_64-debian-gcc, r-devel-linux-x86_64-fedora-clang, r-devel-linux-x86_64-fedora-gcc, r-devel-windows-x86_64, r-patched-linux-x86_64, r-release-linux-x86_64, r-release-macos-arm64, r-release-macos-x86_64, r-release-windows-x86_64