Last updated on 2025-01-24 05:49:14 CET.
Flavor | Version | Tinstall | Tcheck | Ttotal | Status | Flags |
---|---|---|---|---|---|---|
r-devel-linux-x86_64-debian-clang | 1.8 | 2.18 | 16.80 | 18.98 | OK | |
r-devel-linux-x86_64-debian-gcc | 1.8 | 1.77 | 14.01 | 15.78 | OK | |
r-devel-linux-x86_64-fedora-clang | 1.8 | 30.95 | NOTE | |||
r-devel-linux-x86_64-fedora-gcc | 1.8 | 29.61 | NOTE | |||
r-devel-windows-x86_64 | 1.8 | 4.00 | 39.00 | 43.00 | OK | |
r-patched-linux-x86_64 | 1.8 | 2.10 | 16.27 | 18.37 | OK | |
r-release-linux-x86_64 | 1.8 | 2.09 | 16.26 | 18.35 | OK | |
r-release-macos-arm64 | 1.8 | 15.00 | OK | |||
r-release-macos-x86_64 | 1.8 | 21.00 | OK | |||
r-release-windows-x86_64 | 1.8 | 6.00 | 37.00 | 43.00 | OK | |
r-oldrel-macos-arm64 | 1.8 | 16.00 | OK | |||
r-oldrel-macos-x86_64 | 1.8 | 21.00 | OK | |||
r-oldrel-windows-x86_64 | 1.8 | 7.00 | 36.00 | 43.00 | OK |
Version: 1.8
Check: compiled code
Result: NOTE
File ‘Barnard/libs/Barnard.so’:
Found no calls to: ‘R_registerRoutines’, ‘R_useDynamicSymbols’
It is good practice to register native routines and to disable symbol
search.
See ‘Writing portable packages’ in the ‘Writing R Extensions’ manual.
Flavors: r-devel-linux-x86_64-fedora-clang, r-devel-linux-x86_64-fedora-gcc