CRAN Package Check Results for Package BayesARIMAX

Last updated on 2025-01-24 05:49:14 CET.

Flavor Version Tinstall Tcheck Ttotal Status Flags
r-devel-linux-x86_64-debian-clang 0.1.1 6.41 52.65 59.06 OK
r-devel-linux-x86_64-debian-gcc 0.1.1 4.84 36.75 41.59 OK
r-devel-linux-x86_64-fedora-clang 0.1.1 92.08 OK
r-devel-linux-x86_64-fedora-gcc 0.1.1 85.51 OK
r-devel-windows-x86_64 0.1.1 8.00 65.00 73.00 OK
r-patched-linux-x86_64 0.1.1 5.87 47.07 52.94 NOTE
r-release-linux-x86_64 0.1.1 5.41 47.34 52.75 NOTE
r-release-macos-arm64 0.1.1 29.00 NOTE
r-release-macos-x86_64 0.1.1 43.00 NOTE
r-release-windows-x86_64 0.1.1 7.00 65.00 72.00 NOTE
r-oldrel-macos-arm64 0.1.1 31.00 NOTE
r-oldrel-macos-x86_64 0.1.1 44.00 NOTE
r-oldrel-windows-x86_64 0.1.1 11.00 73.00 84.00 NOTE

Check Details

Version: 0.1.1
Check: LazyData
Result: NOTE 'LazyData' is specified without a 'data' directory Flavors: r-patched-linux-x86_64, r-release-linux-x86_64, r-release-macos-arm64, r-release-macos-x86_64, r-release-windows-x86_64, r-oldrel-macos-arm64, r-oldrel-macos-x86_64, r-oldrel-windows-x86_64