Last updated on 2025-01-24 05:49:14 CET.
Flavor | Version | Tinstall | Tcheck | Ttotal | Status | Flags |
---|---|---|---|---|---|---|
r-devel-linux-x86_64-debian-clang | 1.0 | 23.23 | 27.67 | 50.90 | OK | |
r-devel-linux-x86_64-debian-gcc | 1.0 | 16.82 | 22.65 | 39.47 | OK | |
r-devel-linux-x86_64-fedora-clang | 1.0 | 86.79 | OK | |||
r-devel-linux-x86_64-fedora-gcc | 1.0 | 90.02 | OK | |||
r-devel-windows-x86_64 | 1.0 | 23.00 | 72.00 | 95.00 | OK | |
r-patched-linux-x86_64 | 1.0 | 21.50 | 26.62 | 48.12 | OK | |
r-release-linux-x86_64 | 1.0 | 24.44 | 26.86 | 51.30 | OK | |
r-release-macos-arm64 | 1.0 | 28.00 | NOTE | |||
r-release-macos-x86_64 | 1.0 | 43.00 | NOTE | |||
r-release-windows-x86_64 | 1.0 | 23.00 | 64.00 | 87.00 | OK | |
r-oldrel-macos-arm64 | 1.0 | 32.00 | NOTE | |||
r-oldrel-macos-x86_64 | 1.0 | 46.00 | NOTE | |||
r-oldrel-windows-x86_64 | 1.0 | 29.00 | 76.00 | 105.00 | OK |
Version: 1.0
Check: installed package size
Result: NOTE
installed size is 8.8Mb
sub-directories of 1Mb or more:
libs 8.7Mb
Flavors: r-release-macos-arm64, r-release-macos-x86_64, r-oldrel-macos-arm64, r-oldrel-macos-x86_64