Last updated on 2025-04-30 17:54:00 CEST.
Flavor | Version | Tinstall | Tcheck | Ttotal | Status | Flags |
---|---|---|---|---|---|---|
r-devel-linux-x86_64-debian-clang | 1.0.0 | 19.25 | 224.24 | 243.49 | OK | |
r-devel-linux-x86_64-debian-gcc | 1.0.0 | 13.43 | 155.85 | 169.28 | OK | |
r-devel-linux-x86_64-fedora-clang | 1.0.0 | 416.23 | NOTE | |||
r-devel-linux-x86_64-fedora-gcc | 1.0.0 | 385.90 | NOTE | |||
r-devel-windows-x86_64 | 1.0.0 | 20.00 | 202.00 | 222.00 | OK | |
r-patched-linux-x86_64 | 1.0.0 | 16.63 | 210.64 | 227.27 | OK | |
r-release-linux-x86_64 | 1.0.0 | 18.59 | 213.59 | 232.18 | OK | |
r-release-macos-arm64 | 1.0.0 | 106.00 | OK | |||
r-release-macos-x86_64 | 1.0.0 | 242.00 | OK | |||
r-release-windows-x86_64 | 1.0.0 | 25.00 | 205.00 | 230.00 | OK | |
r-oldrel-macos-arm64 | 1.0.0 | 125.00 | OK | |||
r-oldrel-macos-x86_64 | 1.0.0 | 346.00 | OK | |||
r-oldrel-windows-x86_64 | 1.0.0 | 26.00 | 277.00 | 303.00 | OK |
Version: 1.0.0
Check: dependencies in R code
Result: NOTE
Namespace in Imports field not imported from: ‘devtools’
All declared Imports should be used.
Flavors: r-devel-linux-x86_64-fedora-clang, r-devel-linux-x86_64-fedora-gcc