Last updated on 2025-02-19 05:50:33 CET.
Flavor | Version | Tinstall | Tcheck | Ttotal | Status | Flags |
---|---|---|---|---|---|---|
r-devel-linux-x86_64-debian-clang | 0.12.7.1 | 2.38 | 28.35 | 30.73 | NOTE | |
r-devel-linux-x86_64-debian-gcc | 0.12.7.1 | 1.86 | 20.53 | 22.39 | NOTE | |
r-devel-linux-x86_64-fedora-clang | 0.12.7.1 | 51.13 | OK | |||
r-devel-linux-x86_64-fedora-gcc | 0.12.7.1 | 46.49 | OK | |||
r-devel-macos-arm64 | 0.12.7.1 | 19.00 | OK | |||
r-devel-macos-x86_64 | 0.12.7.1 | 34.00 | OK | |||
r-devel-windows-x86_64 | 0.12.7.1 | 4.00 | 68.00 | 72.00 | NOTE | |
r-patched-linux-x86_64 | 0.12.7.1 | 4.19 | 26.44 | 30.63 | OK | |
r-release-linux-x86_64 | 0.12.7.1 | 2.34 | 26.29 | 28.63 | OK | |
r-release-macos-arm64 | 0.12.7.1 | 18.00 | OK | |||
r-release-macos-x86_64 | 0.12.7.1 | 27.00 | OK | |||
r-release-windows-x86_64 | 0.12.7.1 | 4.00 | 62.00 | 66.00 | OK | |
r-oldrel-macos-arm64 | 0.12.7.1 | 21.00 | OK | |||
r-oldrel-macos-x86_64 | 0.12.7.1 | 29.00 | OK | |||
r-oldrel-windows-x86_64 | 0.12.7.1 | 5.00 | 62.00 | 67.00 | OK |
Version: 0.12.7.1
Check: Rd cross-references
Result: NOTE
Found the following Rd file(s) with Rd \link{} targets missing package
anchors:
InPosition-package.Rd: ExPosition
boot.compute.fj.Rd: ExPosition, epPCA, epMCA, supplementaryCols
contingency.data.break.Rd: epCA
epCA.inference.battery.Rd: epGraphs, epCA, coreCA, epMCA
epGPCA.inference.battery.Rd: expo.scale, epGraphs, epGPCA, corePCA,
epPCA
epMCA.inference.battery.Rd: epGraphs, epMCA, coreCA, epCA
epPCA.inference.battery.Rd: expo.scale, epGraphs, epPCA, corePCA,
epGPCA
inGraphs.Rd: prettyGraphs, createColorVectorsByDesign, prettyPlot,
epGraphs
Please provide package anchors for all Rd \link{} targets not in the
package itself and the base packages.
Flavors: r-devel-linux-x86_64-debian-clang, r-devel-linux-x86_64-debian-gcc, r-devel-windows-x86_64