Last updated on 2025-04-30 23:49:53 CEST.
Flavor | Version | Tinstall | Tcheck | Ttotal | Status | Flags |
---|---|---|---|---|---|---|
r-devel-linux-x86_64-debian-clang | 0.8.15 | 3.87 | 31.34 | 35.21 | OK | |
r-devel-linux-x86_64-debian-gcc | 0.8.15 | 2.82 | 24.64 | 27.46 | OK | |
r-devel-linux-x86_64-fedora-clang | 0.8.15 | 55.07 | OK | |||
r-devel-linux-x86_64-fedora-gcc | 0.8.15 | 54.30 | OK | |||
r-devel-windows-x86_64 | 0.8.15 | 6.00 | 55.00 | 61.00 | OK | |
r-patched-linux-x86_64 | 0.8.15 | 3.93 | 30.06 | 33.99 | OK | |
r-release-linux-x86_64 | 0.8.15 | 2.55 | 29.67 | 32.22 | OK | |
r-release-macos-arm64 | 0.8.15 | 22.00 | OK | |||
r-release-macos-x86_64 | 0.8.15 | 39.00 | OK | |||
r-release-windows-x86_64 | 0.8.15 | 6.00 | 65.00 | 71.00 | OK | |
r-oldrel-macos-arm64 | 0.8.15 | 21.00 | OK | |||
r-oldrel-macos-x86_64 | 0.8.15 | 35.00 | OK | |||
r-oldrel-windows-x86_64 | 0.8.15 | 6.00 | 53.00 | 59.00 | OK |
Version: 0.8.15
Check: examples
Result: NA
user system elapsed
test.metadata 0.946 0.291 5.159
OK
Flavor: r-devel-linux-x86_64-debian-gcc