CRAN Package Check Results for Package purge

Last updated on 2024-12-31 05:49:28 CET.

Flavor Version Tinstall Tcheck Ttotal Status Flags
r-devel-linux-x86_64-debian-clang 0.2.1 1.80 24.55 26.35 OK
r-devel-linux-x86_64-debian-gcc 0.2.1 OK
r-devel-linux-x86_64-fedora-clang 0.2.1 45.66 OK
r-devel-linux-x86_64-fedora-gcc 0.2.1 41.23 OK
r-devel-windows-x86_64 0.2.1 4.00 45.00 49.00 OK
r-patched-linux-x86_64 0.2.1 1.80 23.60 25.40 NOTE
r-release-linux-x86_64 0.2.1 1.57 23.78 25.35 NOTE
r-release-macos-arm64 0.2.1 20.00 NOTE
r-release-macos-x86_64 0.2.1 27.00 NOTE
r-release-windows-x86_64 0.2.1 4.00 45.00 49.00 NOTE
r-oldrel-macos-arm64 0.2.1 20.00 NOTE
r-oldrel-macos-x86_64 0.2.1 27.00 NOTE
r-oldrel-windows-x86_64 0.2.1 2.00 46.00 48.00 NOTE

Check Details

Version: 0.2.1
Check: LazyData
Result: NOTE 'LazyData' is specified without a 'data' directory Flavors: r-patched-linux-x86_64, r-release-linux-x86_64, r-release-macos-arm64, r-release-macos-x86_64, r-release-windows-x86_64, r-oldrel-macos-arm64, r-oldrel-macos-x86_64, r-oldrel-windows-x86_64