Last updated on 2025-04-30 11:52:24 CEST.
Flavor | Version | Tinstall | Tcheck | Ttotal | Status | Flags |
---|---|---|---|---|---|---|
r-devel-linux-x86_64-debian-clang | 0.51.6 | 31.71 | 249.92 | 281.63 | NOTE | |
r-devel-linux-x86_64-debian-gcc | 0.51.6 | 17.71 | 160.68 | 178.39 | NOTE | |
r-devel-linux-x86_64-fedora-clang | 0.51.6 | 471.44 | OK | |||
r-devel-linux-x86_64-fedora-gcc | 0.51.6 | 419.41 | OK | |||
r-devel-windows-x86_64 | 0.51.6 | 26.00 | 204.00 | 230.00 | NOTE | |
r-patched-linux-x86_64 | 0.51.6 | 26.25 | 235.67 | 261.92 | NOTE | |
r-release-linux-x86_64 | 0.51.6 | 27.20 | 235.88 | 263.08 | NOTE | |
r-release-macos-arm64 | 0.51.6 | 98.00 | OK | |||
r-release-macos-x86_64 | 0.51.6 | 293.00 | OK | |||
r-release-windows-x86_64 | 0.51.6 | 26.00 | 210.00 | 236.00 | NOTE | |
r-oldrel-macos-arm64 | 0.51.6 | 89.00 | OK | |||
r-oldrel-macos-x86_64 | 0.51.6 | 194.00 | OK | |||
r-oldrel-windows-x86_64 | 0.51.6 | 32.00 | 275.00 | 307.00 | OK |
Version: 0.51.6
Check: Rd cross-references
Result: NOTE
Found the following Rd file(s) with Rd \link{} targets missing package
anchors:
bwplot-methods.Rd: panel.violin, panel.bwplot, sampleRandom,
panel.stripplot
chooseRegion.Rd: in.out
densityplot-methods.Rd: sampleRandom
hexbinplot.Rd: sampleRegular
histogram-methods.Rd: sampleRandom
horizonplot-methods.Rd: zonal
hovmoller-methods.Rd: zonal, panel.2dsmoother
levelplot-methods.Rd: sampleRegular, trellis.par.set, custom.theme,
panel.levelplot, panel.levelplot.raster, ratify
rasterTheme.Rd: custom.theme, custom.theme.2,
yscale.components.default, xscale.components.default,
trellis.par.get
splom-methods.Rd: sampleRandom
vectorplot.Rd: terrain, panel.arrows
xyLayer.Rd: sampleRegular, spatSample
xyplot-methods.Rd: zonal
Please provide package anchors for all Rd \link{} targets not in the
package itself and the base packages.
Flavors: r-devel-linux-x86_64-debian-clang, r-devel-linux-x86_64-debian-gcc, r-devel-windows-x86_64, r-patched-linux-x86_64, r-release-linux-x86_64, r-release-windows-x86_64
Version: 0.51.6
Check: examples
Result: NOTE
Examples with CPU (user + system) or elapsed time > 5s
user system elapsed
levelplot-methods 5.428 0.032 6.39
Flavor: r-devel-linux-x86_64-debian-clang